+ 49 = 0, -5*p - 3*j = -66 - 29. Let x = 20 - p. Suppose m = 6*m - 100. What is the highest common factor of m and x?
4
Let d(h) = 264 - 258 + 18*h**2 + 3*h + 0*h**2 - h**3. Let y be d(18). What is the highest common divisor of y and 90?
30
Let o(r) = -r**3 - 37*r**2 - 47*r - 97. Let h be o(-36). What is the highest common factor of h and 46?
23
Let n(b) = 6 + 2*b - 2*b + 4*b**2 - 5*b. Let v be n(3). Suppose -4*t - 8 = -2*w - 26, w + v = 5*t. What is the highest common factor of 30 and t?
6
Let o(w) = -6*w**3 + 4*w**2 + 2*w - 5. Let t be o(6). Let d be t/(-25) - (-2)/10. Let g = 70 - d. Calculate the highest common divisor of g and 16.
8
Suppose 2*w + 2*g - 68 = 0, -3*g - 9 = 4*w - 149. Calculate the highest common divisor of 38 and w.
38
Suppose -48*n + 11760 = 12*n. Calculate the greatest common divisor of n and 112.
28
Let a be (-19)/3*(9 + -6). Let r = 25 + a. Calculate the highest common divisor of r and 18.
6
Let o be ((-308)/(-3) + 0)*3. What is the greatest common divisor of 35 and o?
7
Suppose -594 = -41*o + 35*o. Let v(r) = r**2 + 4*r + 4. Let i be v(-5). Calculate the highest common factor of i and o.
9
Let m(a) = a**2 - 11*a + 22. Let y be m(11). Calculate the highest common factor of y and 4.
2
Suppose -36 - 60 = -8*u. Let z = 12 - 7. Suppose -220 = -2*w - 2*a, -z*w - a + 402 = -140. Calculate the highest common factor of u and w.
12
Let l be -2 + 1 + (4 - 1). Suppose -l*c = c - 153. Suppose 5*a = -5*x + 145, 47 = 4*a - 2*x - c. Calculate the greatest common factor of a and 39.
13
Suppose 511 = 11*q - 259. Suppose -2*d = 3*k - 56, 0 = 3*k - 0*k. What is the greatest common divisor of q and d?
14
Suppose -u + 122 = -3*h, 0 = 7*h - 2*h + 2*u + 196. Let i be ((-780)/h)/(2/4). Calculate the greatest common divisor of i and 52.
13
Let b = 127 - 58. Let u(i) = 16*i + 78. Let v be u(-2). Calculate the highest common factor of v and b.
23
Suppose 3*d = -15, -4932 = -5*x - 5*d + 1103. Calculate the greatest common factor of 24 and x.
12
Suppose 2*h + 0 - 4 = 0. Let t(f) = 2*f - 1. Let c be t(h). Suppose k - c*v = 0, k = -2*k + 2*v + 28. Calculate the highest common divisor of k and 24.
12
Suppose -70 = -4*u - 2*i + 18, 2*u + 3*i = 36. Suppose -6*v + 5*v + 8 = 0. Let k = 24 - v. Calculate the highest common divisor of k and u.
8
Suppose -2*q - 75 = -k, 3*q - 31 - 247 = -4*k. Suppose -k = -3*w - l, 0 = -2*w - 4*l - l + 69. Let v = 56 - w. What is the highest common factor of v and 51?
17
Suppose -2*j = -10, -h - 2*h = -2*j - 245. Suppose 0 = t + t - 5*g - 35, -3*t + h = -g. What is the greatest common factor of 50 and t?
10
Let b be ((-2)/4)/(2/(-1516)). Suppose 3*d + 3 = 0, b = 4*z + d + 4*d. Suppose -5*v = -43 - 17. What is the greatest common factor of z and v?
12
Suppose c - 299 = -43. Suppose -3*a - 5*j = -101, -2*j - 134 = -4*a - 8. What is the greatest common divisor of a and c?
32
Let g be 1/3 + (-87)/(-9). Suppose -13*d + 1100 = 9*d. Calculate the greatest common factor of g and d.
10
Suppose 3*p + 55 = 5*a, -3*a + 21 + 8 = -p. Suppose -3*i - i + 256 = 0. Calculate the highest common divisor of a and i.
8
Let d = -47 + 107. Suppose 4*a = 8 + 4, x - 4*a + 9 = 0. Suppose 4*c - b - 21 = 73, x*c - 64 = 4*b. Calculate the highest common divisor of c and d.
12
Suppose 55*s - 8*s = 752. Calculate the highest common factor of s and 20.
4
Let f be 1*6 + 4/(40/20). Let j be -6*(-1 + 2/(-6)). What is the greatest common factor of j and f?
8
Suppose -5*u = -334 - 341. What is the greatest common factor of u and 225?
45
Let f be ((-18)/10)/(75/(-1000)). Calculate the greatest common factor of 18 and f.
6
Let g be (-13 + 5)/(-2) - (4 + -159). What is the greatest common divisor of g and 9?
3
Suppose s - 76 = 2*n, -3*n + 180 = 5*s - 226. Let r(o) = o**3 - 34*o + 95. Let c be r(7). Calculate the highest common divisor of c and s.
40
Suppose -3*x + 33 = 4*t, -3*x + 12*t + 33 = 17*t. Let c be (0 - (3 + -3))*-1. Let q be (0 + c)/2 + 11. What is the greatest common factor of q and x?
11
Let b = -16 - -57. Let i(h) = h**2 - 44*h - 413. Let w be i(57). Calculate the greatest common factor of w and b.
41
Let o = -122 + 154. What is the greatest common divisor of 32 and o?
32
Suppose 1 = -l - 8. Let x be ((-3)/l)/((-3)/(-198)). Let f = x - 16. What is the highest common divisor of f and 6?
6
Suppose -3*r + 0*r = -2*z - 309, -r + 2*z = -103. Let l = r - 73. Suppose -v - 4*v = -l. What is the greatest common divisor of v and 6?
6
Suppose 676 = k + 19. Calculate the greatest common factor of k and 73.
73
Let w be (-10)/105 - (-195)/63. Calculate the greatest common factor of 123 and w.
3
Let b be 9 - 17 - (8/4 - 14). What is the greatest common divisor of 268 and b?
4
Let p be 31/(-62) + (-19)/(-2). What is the highest common divisor of 18 and p?
9
Let k be 162/(-405)*(0 - 15). What is the highest common divisor of k and 186?
6
Let m = -17 - -22. Let x = 1246 + -874. Let p be x/8 + (-6)/4. Calculate the highest common divisor of p and m.
5
Let g = -41 - -38. Let w = 20 + g. Calculate the greatest common factor of 119 and w.
17
Suppose 0*b + 18 = 5*v - 2*b, -2*b - 12 = -2*v. Suppose 29 = 5*z - v*g, 4*g + 4 = -4. What is the highest common divisor of z and 55?
5
Suppose -14*n + 843 + 1089 = 0. What is the greatest common divisor of 322 and n?
46
Let l = 21 - 21. Let s(z) = z + 5. Let j be s(l). Suppose t = 2*t + 2*o - j, 5*t + o - 25 = 0. Calculate the highest common divisor of t and 15.
5
Let l = 31 - -16. What is the greatest common factor of l and 376?
47
Let j(u) = -u**2 - 4*u + 5. Let m be j(-4). Let f = -112 + 68. Let d be (f*1)/(3 - m). Calculate the greatest common divisor of d and 2.
2
Suppose -v - 2*m + 18 = 2*v, 0 = m. What is the greatest common divisor of 111 and v?
3
Let k = 32 - 8. Let t = -44 + 104. What is the highest common divisor of k and t?
12
Suppose 0 = -16*v + 19*v. Let f(h) = -h**3 - h**2 + 6. Let q be f(v). What is the highest common divisor of q and 30?
6
Suppose -2042*u + 2032*u + 280 = 0. Let s(a) = 10*a + 2. Let c be s(4). What is the highest common factor of c and u?
14
Let p be 3/(-2)*(-360)/(-27). Let j = 77 + p. Calculate the highest common divisor of 19 and j.
19
Let f = -32 + 59. Suppose 4 = -2*y + 4*y. Suppose -y*t + 223 = -263. Calculate the highest common divisor of t and f.
27
Let t(o) = o**2 - 6*o - 34. Let i(q) = 1. Let r(v) = 3*i(v) + t(v). Let b be r(17). Calculate the highest common divisor of 12 and b.
12
Suppose 272 = m + 5*z, 4*m = 6*m - 5*z - 544. Calculate the greatest common factor of m and 48.
16
Suppose l - 275 = -3*h, 2*h - 68 = 5*l + 138. Let r = h - 57. What is the greatest common factor of r and 18?
18
Let t be (-2591)/(-4) + 12/48. What is the highest common divisor of t and 72?
72
Let x(w) = w**3 - 4*w**2 + 11*w - 12. Let i be x(7). Suppose -2 = 2*y - i. What is the highest common factor of 42 and y?
21
Let y(x) = 114*x + 1. Let u = 2 + -1. Let r be y(u). Suppose l - 37 = -3*t - 0*t, 4*t = 2*l - 104. Calculate the greatest common factor of r and l.
23
Let g = 16 + -13. Let w(x) = -2*x**2 - 9*x**g - 2 - 3*x + x**3 - x**3. Let m be w(-2). What is the greatest common factor of m and 102?
34
Let b(y) = -5*y - 24. Let a = 30 + -36. Let q be b(a). Calculate the greatest common factor of q and 3.
3
Let t(v) = -34*v - 39. Let d be t(-6). What is the highest common factor of d and 30?
15
Suppose -54*c + 36 + 1314 = 0. What is the greatest common factor of c and 70?
5
Let n(q) = 4*q**2. Let c be n(-1). Let f be 5 + (-2)/(-4)*c. Let m be ((-1 - f) + 3)*-16. What is the greatest common divisor of m and 10?
10
Suppose -36*o + 3*i + 1 = -37*o, 4*o - 3*i - 56 = 0. Calculate the greatest common divisor of o and 517.
11
Suppose 5*b - 100 = -3*o, -o + 3*b - 24 = -62. Suppose 4*g = 15 + 85. Let t = g - 20. What is the highest common factor of o and t?
5
Suppose -2*q - 2*q = 0. Suppose q*t + 90 = -5*t. Let d(h) = h**2 + 18*h + 5. Let s be d(t). Calculate the greatest common factor of s and 40.
5
Let c = 157 - -470. Calculate the greatest common factor of c and 33.
33
Let j be (-1)/((2/(-100))/(27/2)). Calculate the greatest common factor of j and 81.
27
Suppose -5*b + 2*c = 9, 0*b - 3*b + 2*c = 7. Let n be ((-22)/(-4))/(b/(-22)). Let g = 11 + 0. What is the highest common factor of g and n?
11
Let z = -18 - -18. Suppo